
169
What is the remainder when 802929 is divided by 1968?
1953
What is the remainder when 367241 is divided by 405?
311
Calculate the remainder when 455227918 is divided by 840.
838
Calculate the remainder when 10362666 is divided by 821.
4
What is the remainder when 15386 is divided by 1181?
33
Calculate the remainder when 75486239 is divided by 445.
444
What is the remainder when 287688 is divided by 2012?
1984
Calculate the remainder when 68690 is divided by 383.
133
What is the remainder when 326741308 is divided by 46?
42
What is the remainder when 1962144 is divided by 1290?
54
What is the remainder when 1929472 is divided by 70?
62
Calculate the remainder when 42644920 is divided by 358.
318
Calculate the remainder when 1430734 is divided by 715342.
50
What is the remainder when 8817 is divided by 8080?
737
What is the remainder when 24446827 is divided by 149066?
3
What is the remainder when 83335822 is divided by 639?
637
What is the remainder when 3698152 is divided by 3698100?
52
Calculate the remainder when 6146345 is divided by 42981.
62
What is the remainder when 544352825 is divided by 6?
5
Calculate the remainder when 93643 is divided by 2926.
11
What is the remainder when 50423239 is divided by 142842?
13
What is the remainder when 4340041 is divided by 16?
9
Calculate the remainder when 589387 is divided by 196.
15
What is the remainder when 125074 is divided by 864?
658
What is the remainder when 48440 is divided by 157?
84
Calculate the remainder when 31907 is divided by 413.
106
What is the remainder when 23157049 is divided by 1214?
1213
What is the remainder when 1846892 is divided by 37688?
180
What is the remainder when 56434351 is divided by 635?
631
What is the remainder when 54318397 is divided by 25?
22
Calculate the remainder when 2041220 is divided by 7.
6
Calculate the remainder when 6767890 is divided by 37.
35
What is the remainder when 6096947 is divided by 6292?
6291
Calculate the remainder when 19074 is divided by 644.
398
Calculate the remainder when 12905727 is divided by 6452863.
1
Calculate the remainder when 316968 is divided by 726.
432
Calculate the remainder when 48837 is divided by 819.
516
What is the remainder when 1008482 is divided by 128?
98
Calculate the remainder when 2070676 is divided by 2516.
8
Calculate the remainder when 18235673 is divided by 15.
8
Calculate the remainder when 50118860 is divided by 1636.
0
Calculate the remainder when 1688287 is divided by 80394.
13
What is the remainder when 101113 is divided by 25257?
85
What is the remainder when 2176366 is divided by 543920?
686
What is the remainder when 3067601 is divided by 163?
104
What is the remainder when 8430118 is divided by 45?
43
Calculate the remainder when 116742 is divided by 19335.
732
Calculate the remainder when 6038150 is divided by 326.
304
Calculate the remainder when 36555 is divided by 7000.
1555
What is the remainder when 86649 is divided by 78707?
7942
Calculate the remainder when 11414684 is divided by 439026.
8
Calculate the remainder when 17246266 is divided by 52.
50
Calculate the remainder when 356437 is divided by 2733.
1147
What is the remainder when 351669 is divided by 741?
435
What is the remainder when 74041 is divided by 35744?
2553
Calculate the remainder when 28688196 is divided by 618.
18
Calculate the remainder when 1387399 is divided by 462330.
409
Calculate the remainder when 23721 is divided by 22940.
781
Calculate the remainder when 114241 is divided by 7263.
5296
What is the remainder when 1377662 is divided by 65?
52
What is the remainder when 93933 is divided by 453?
162
Calculate the remainder when 19341 is divided by 1486.
23
What is the remainder when 3038267 is divided by 133?
15
Calculate the remainder when 90299 is divided by 57.
11
Calculate the remainder when 2992464 is divided by 332491.
45
What is the remainder when 11727439 is divided by 511?
500
What is the remainder when 4135263 is divided by 118150?
13
What is the remainder when 91162752 is divided by 196?
16
Calculate the remainder when 2797718 is divided by 5852.
462
Calculate the remainder when 3751488 is divided by 135.
108
What is the remainder when 160710 is divided by 80?
70
What is the remainder when 40142 is divided by 6684?
38
Calculate the remainder when 13449428 is divided by 91.
83
Calculate the remainder when 1927633 is divided by 530.
23
Calculate the remainder when 58369 is divided by 553.
304
What is the remainder when 11684987 is divided by 2336993?
22
What is the remainder when 46203278 is divided by 382?
378
Calculate the remainder when 919002 is divided by 282.
246
What is the remainder when 160860 is divided by 700?
560
Calculate the remainder when 4969673 is divided by 1638.
1619
What is the remainder when 6970416 is divided by 367?
352
What is the remainder when 2917519 is divided by 1507?
1474
Calculate the remainder when 774953 is divided by 2484.
2429
What is the remainder when 44744 is divided by 2557?
1275
What is the remainder when 18239 is divided by 5416?
1991
Calculate the remainder when 30673 is divided by 1268.
241
Calculate the remainder when 10852417 is divided by 1128.
1057
Calculate the remainder when 347511 is divided by 69088.
2071
Calculate the remainder when 2117069 is divided by 696.
533
Calculate the remainder when 180706 is divided by 14731.
3934
What is the remainder when 205420 is divided by 16405?
8560
What is the remainder when 1074437 is divided by 358124?
65
What is the remainder when 253513 is divided by 7023?
685
What is the remainder when 898841 is divided by 3984?
2441
What is the remainder when 3034807 is divided by 89?
85
Calculate the remainder when 21697 is divided by 2774.
2279
Calculate the remainder when 26928893 is divided by 154.
145
What is the remainder when 3324909 is divided by 127881?
3
Calculate the remainder when 20363407 is divided by 8.
7
Calculate the remainder when 434907 is divided by 217248.
411
Calculate the remainder when 767140 is divided by 383565.
10
Calculate the remainder when 204774 is divided by 8565.
7779
What is the remainder when 1816808 is divided by 204?
188
What is the remainder when 4095701 is divided by 12759?
62
What is the remainder when 492816 is divided by 492772?
44
What is the remainder when 2504844 is divided by 30?
24
Calculate the remainder when 2418421 is divided by 426.
19
Calculate the remainder when 840196 is divided by 420078.
40
Calculate the remainder when 22260375 is divided by 138263.
32
Calculate the remainder when 690821 is divided by 310.
141
Calculate the remainder when 54647 is divided by 10764.
827
Calculate the remainder when 4197874 is divided by 1399222.
208
What is the remainder when 65398 is divided by 559?
554
Calculate the remainder when 50607711 is divided by 25303855.
1
Calculate the remainder when 1815949 is divided by 648.
253
Calculate the remainder when 15662132 is divided by 251.
234
Calculate the remainder when 297087951 is divided by 112.
111
Calculate the remainder when 125163 is divided by 1391.
1364
What is the remainder when 196431 is divided by 196424?
7
Calculate the remainder when 974871 is divided by 37.
32
Calculate the remainder when 1196911 is divided by 478.
477
What is the remainder when 10310289 is divided by 1133?
1122
What is the remainder when 257996 is divided by 51599?
1
What is the remainder when 11956181 is divided by 120?
101
Calculate the remainder when 133457 is divided by 1019.
987
Calculate the remainder when 95974199 is divided by 2100.
2099
What is the remainder when 16809435 is divided by 31?
26
What is the remainder when 5725009 is divided by 4276?
3721
Calculate the remainder when 209752349 is divided by 4.
1
What is the remainder when 415723 is divided by 51954?
91
What is the remainder when 3278912 is divided by 269?
71
What is the remainder when 64614791 is divided by 12?
11
What is the remainder when 542364 is divided by 1692?
924
Calculate the remainder when 764891 is divided by 254856.
323
What is the remainder when 101818 is divided by 1305?
28
Calculate the remainder when 146390018 is divided by 2848.
2818
Calculate the remainder when 1203276 is divided by 382.
358
Calculate the remainder when 230621047 is divided by 81.
34
What is the remainde